-143). Suppose n = -k*r + 3*n + 2, 5*r - 40 = -5*n. Calculate the highest common divisor of 18 and r.
3
Suppose -13*q + 12*q - 106 = 0. Let c = -106 - q. Suppose -n + 4*x + 84 = c, 373 = 4*n + 2*x + 55. Calculate the greatest common divisor of n and 32.
16
Let l(w) = w**2 + 3*w + 2. Let q be l(5). Suppose -179*u + 213*u + 695*u - 1458 = 0. What is the greatest common factor of q and u?
2
Let l be (5/10 + 2)/((-15)/(-12)). Suppose -8 = l*c, -6*n - 3*c = -2*n - 32. Suppose -3*f = -7*f + 308. Calculate the greatest common factor of n and f.
11
Suppose -4*h = -3*l - 263, h - 939*l = -943*l + 61. What is the highest common factor of h and 455?
65
Suppose -2*h - 24 = -4*q, 3*h + 2 = q - 24. Let p be (-1404)/h - (-1 - 5/(-2)). What is the highest common factor of p and 435?
87
Suppose 23*v + 46 = 0, v = -k + 113 + 128. What is the highest common divisor of 39 and k?
3
Suppose 0 = -2*i - 5*n + 38 + 42, i = -5*n + 50. Let o = -8 + 2. Let c(h) = h**2 + 5*h + 14. Let m be c(o). What is the highest common divisor of m and i?
10
Let q = -32 + 36. Suppose -3*y + 3*u = -99, -5*u = -q*y - 66 + 199. Let i be y/5 - (-45)/75. Calculate the greatest common divisor of 42 and i.
7
Let h(m) be the second derivative of -5*m**3 - 32*m**2 - 244*m. Let n be h(-4). What is the highest common divisor of 42 and n?
14
Let o = 12822 + -8811. What is the highest common factor of o and 21?
21
Suppose 0 = -x + 38*r - 40*r + 1509, -x - 4*r = -1493. What is the highest common factor of 1891 and x?
61
Let o(v) = 2 + 1 - 6*v - 7 + v**2. Let b be o(6). Let f(a) = -a**3 - a**2 + 4*a + 6. Let d be f(b). Calculate the greatest common factor of 19 and d.
19
Suppose 4*b - t - 116 = 3*t, -3*b + 89 = -5*t. Suppose -15*l - 2496 = -b*l. Calculate the highest common divisor of l and 12.
12
Suppose -3*v = 2*r - 1847, 4*r - 3703 = -3*v + 6*v. Let x = r - -206. Calculate the highest common factor of x and 39.
39
Suppose -f = -5*j + 12799, -10220 = -4*j - 2*f + 6*f. Calculate the highest common factor of j and 65.
13
Suppose 2*x = -3*x + 345. Suppose -x*w = -6416 - 1450. What is the greatest common divisor of w and 30?
6
Let n = 4 - 4. Suppose n*o - 2*d - 76 = -2*o, -o + 47 = 2*d. Suppose 0 = p - 1 - o. Calculate the greatest common factor of p and 6.
6
Let d be 3/((-1)/21*51/(-289)). Suppose -4*t - 115 = -5*t + 5*y, -3*y - d = -3*t. Calculate the greatest common divisor of 15 and t.
15
Suppose 2736 = 10*o + 7*o + 2*o. Calculate the greatest common factor of o and 162.
18
Suppose 3068*d - 5*j = 3072*d - 11, 4*d = 5*j + 61. Let p be (-2)/(-2 - (-4)/1). Let s = 11 - p. What is the highest common divisor of d and s?
3
Suppose -20 = -3*b - 4*a, -4*b - 4*a + 7 = -17. Let h be b + -6*(-1)/(-2). Let r be h*7 + 2 + -2. Calculate the highest common factor of r and 63.
7
Let t be 13 + -11 - (1 - 5). Let s = t + 4. Suppose 3*a - 49 = k, -2*a + 5*k + 5 = -3*a. Calculate the greatest common divisor of a and s.
5
Let h = -395 - -393. Let i be ((-120)/90)/(h/30). What is the greatest common divisor of i and 140?
20
Let h = 498 + -490. Let l = -183 + 279. Suppose q + l = 4*q. What is the greatest common divisor of h and q?
8
Let c = 2951 - 2915. Let o(p) = 2*p**3 + 3*p**2 - 7*p - 4. Let d be o(4). What is the highest common divisor of c and d?
36
Suppose 44*o - 2*o - 2016 = 210. Suppose 2*k - 4*k + 212 = 0. What is the greatest common divisor of k and o?
53
Let v be (-18)/45 + 278/(-5). Let z = -8 - v. Suppose -5*x = z - 168. Calculate the highest common factor of 168 and x.
24
Let x(a) = -a**3 - 19*a**2 - 7*a - 11. Let g be x(-18). Let l = g - -213. Let c(h) = -9*h. Let f be c(-2). Calculate the highest common factor of l and f.
2
Suppose 46*j - 17797 - 38359 = 33406. What is the greatest common factor of j and 198?
33
Let z = -2491 - -2495. Suppose -4*b + 3*i = -8*b + 22, -3*b + 4*i = -4. Let w = 6 + b. What is the highest common factor of z and w?
2
Let g = 187 + -61. Suppose 7*v - g = -4*k + 8*v, -3*v = 5*k - 166. Suppose 2*n - k = 24. What is the greatest common factor of 70 and n?
14
Let t be 4460/6 + 4/6. Suppose -5*u = -2*u - t. Let j be -7 + ((-190)/30)/((-3)/18). Calculate the greatest common divisor of u and j.
31
Suppose 2*h - 5*h = 6, 3*w - 2*h - 76 = 0. What is the greatest common factor of w and 4632?
24
Suppose -23*i = -24*i + 23. Suppose 135 = 5*w - 314*v + 318*v, -2*v - 59 = -3*w. Calculate the highest common factor of i and w.
23
Let u be (-2 - 795)*(-2 - -1) + 1. Calculate the highest common factor of 30 and u.
6
Let a = -45 - -141. Let l(t) = 40*t**2 + 2*t + 2. Let p be l(-1). Calculate the highest common factor of a and p.
8
Let c = -44715 - -44724. Suppose -1 + 21 = 4*j. Suppose j*y - o + 2*o = 47, -5*o - 35 = -5*y. What is the highest common factor of y and c?
9
Suppose -2*v + 16 = -5*y + 2*v, y - 12 = -3*v. Suppose y = -k - 8*k + 72. Calculate the highest common divisor of k and 16.
8
Let j(z) = z**3 + 19*z**2 - 17*z + 63. Let p be j(-20). Suppose -3 = c - 4. Calculate the greatest common divisor of p and c.
1
Let h = -189 + 190. Let z = 79 + -81. Let t be z/6*h - (-85)/3. Calculate the highest common divisor of 4 and t.
4
Suppose 34*n - 39*n + 12620 = -f, -n = f - 2524. What is the greatest common divisor of n and 12?
4
Let j = -2422 - -9987. Calculate the greatest common divisor of 34 and j.
17
Let y(g) = 2*g**2 + g - 25. Let l be 6/(-21) + 64/28. Let h = -3 - l. Let d be y(h). What is the greatest common factor of 100 and d?
20
Suppose -268 = 20*o - 22*o. Let l be 1/(-6) + (-3992)/(-48). Let j = o - l. What is the greatest common factor of j and 34?
17
Suppose -1793 = -2*t - 1265. What is the highest common divisor of 1752 and t?
24
Suppose -20*y + 6 = -14*y. Let h be 21/(-1*(4 + -5)). Suppose -8*w + w + h = 0. What is the greatest common factor of w and y?
1
Let l = 27847 - 19505. What is the greatest common divisor of 194 and l?
194
Suppose 0 = 2*q + 4*g + g - 156, 5*q - 344 = -g. Suppose -4*u - 3*v = q, -v = v - 8. Let i be u/(10/75*-3). Calculate the greatest common factor of i and 10.
10
Let n(f) = 9 + 77*f + 58*f + 69*f + 15 - 250*f. Let u be n(0). Suppose 0*b = -5*b + 600. Calculate the highest common divisor of u and b.
24
Suppose 2 = 2*s - 10. Let w = 182310 + -182277. What is the greatest common divisor of s and w?
3
Let k(v) = v**3 + 22*v**2 - 22*v + 24. Suppose 5*d + 184 = -3*d. Let a be k(d). What is the highest common divisor of a and 9?
1
Let v(m) = -12*m - 137. Let z be v(-47). Calculate the greatest common divisor of 244 and z.
61
Let h be (12/(-15))/((-4)/70). Suppose 0 = 14*b - 9*b - 1570. Suppose 134 = 4*l - b. What is the highest common factor of h and l?
14
Let m(l) = -4*l**3 - l**2 - 159*l - 474. Let z be m(-3). Suppose -4*t + 0*t = -544. What is the greatest common divisor of z and t?
34
Suppose 21104 = 7*d + 3*d - 3096. Calculate the highest common factor of d and 308.
44
Let b be -3 - (0 + -4)*(1 + 33). Suppose 0 = -2*l - 7*l + 63. Calculate the highest common factor of l and b.
7
Let z(t) = 1328*t - 7957. Let y be z(6). Suppose 5*n - 2198 = 497. What is the highest common divisor of y and n?
11
Let b be (-298 + 350)/((-2)/(-3)). What is the greatest common divisor of 2535 and b?
39
Let t(a) = 12*a**2 + 6*a - 25. Let i be t(-5). What is the greatest common divisor of i and 343?
49
Let q(m) = m**2 - 5*m + 3. Let z(a) = -17*a - 14. Let c be z(-5). Let l = 80 - c. Let w be q(l). What is the highest common divisor of w and 429?
39
Let c(g) = -g**2 - 36*g + 27. Let r be c(-13). Suppose -6*k + 454 + r = 0. What is the highest common divisor of k and 13?
13
Let t(a) = -7*a**3 - 20*a**2 - 62*a + 30. Let c be t(-3). Calculate the greatest common divisor of c and 2000.
25
Let r be 168*187/17 + 7. What is the highest common factor of r and 49?
7
Let s be ((-615)/(-41))/((-1)/(-291)). Calculate the highest common factor of s and 15.
15
Suppose 1357 - 1837 = -30*z. Calculate the greatest common divisor of z and 128.
16
Suppose -66*y - 40 = -86*y. Let w be y*(-6)/20*-15. What is the highest common factor of w and 150?
3
Suppose -5*m = -2*p - 1413, 0 = 5*m + 2*p - 2223 + 786. Calculate the greatest common divisor of 10 and m.
5
Suppose 8*b - 4*b = -2*w + 1712, 3*b - 1297 = 5*w. Calculate the highest common divisor of 66 and b.
33
Let k = -14048 + 18195. Calculate the g